 - 52*o - 39. Give l(-45).
276
Let t(c) = 6*c**2 - 74*c + 71. Determine t(11).
-17
Let z(u) = u**3 + 17*u**2 + 46*u + 73. Determine z(-15).
-167
Let u(m) = -3*m**3 - 6*m**2 + 26*m + 64. Give u(-7).
617
Let c(h) = 3*h**2 - 48*h - 348. Determine c(-7).
135
Let h(a) = 3*a**2 - 27*a + 28. What is h(12)?
136
Let q(k) = -k**3 - 42*k**2 - 189*k - 10. What is q(-5)?
10
Let s(o) = o**3 - 36*o**2 + 206*o - 62. Calculate s(29).
25
Let h(j) = 4*j**2 + 21*j + 21. Give h(-6).
39
Let t(p) = -179*p + 741. Give t(3).
204
Let h(f) = -f**3 - 4*f**2 + 56*f - 8. Determine h(0).
-8
Let r(o) = -114*o**2 - 30*o - 46. Give r(-2).
-442
Let x(v) = -232*v - 5559. Give x(-24).
9
Let r(u) = -u**3 - 55*u**2 - 411*u + 115. Calculate r(-46).
-23
Let h(o) = -112*o**2 - 1567*o + 3. What is h(-14)?
-11
Let d(c) = -3*c**2 - 592*c - 1177. What is d(-2)?
-5
Let c(n) = 5*n**2 - 845*n + 1666. Determine c(2).
-4
Let w(d) = -3*d**3 + 10*d**2 + 7*d - 23. Give w(2).
7
Let g(s) = 262*s - 12057. Give g(46).
-5
Let z(u) = -u**3 + 49*u**2 + 51*u - 18. Calculate z(50).
32
Let v(z) = 2*z**2 - 49*z - 87. Give v(0).
-87
Let f(g) = 190*g + 1897. Determine f(-10).
-3
Let b(c) = 226*c + 35. Give b(-1).
-191
Let p(f) = 2*f**3 - 35*f**2 + 28*f + 20. Determine p(16).
-300
Let i(z) = 2*z**2 - 36*z - 151. Give i(15).
-241
Let k(h) = 147*h - 1423. Determine k(7).
-394
Let c(j) = -160*j - 2089. Calculate c(-13).
-9
Let k(w) = w**3 - 32*w**2 + 177*w - 64. What is k(25)?
-14
Let g(j) = j**2 - 34*j - 364. Determine g(43).
23
Let l(o) = -2*o**2 - 972*o - 81102. What is l(-107)?
4
Let j(x) = -x**3 + 38*x**2 - 359*x + 28. What is j(21)?
-14
Let a(j) = -57*j**2 + 2840*j + 491. What is a(50)?
-9
Let o(a) = -a**3 + 24*a**2 - 127*a - 2. Determine o(16).
14
Let i(r) = r**2 - 446*r + 64. What is i(0)?
64
Let g(z) = 127*z + 1087. Calculate g(-9).
-56
Let m(v) = v**3 - 7*v - 19. What is m(-3)?
-25
Let h(p) = 867*p - 807. Determine h(1).
60
Let r(l) = -13*l - 67. Give r(5).
-132
Let k(q) = -q**2 - 45*q + 2. What is k(-45)?
2
Let s(f) = -2*f**3 - 43*f**2 + 31*f + 50. What is s(-22)?
-148
Let c(y) = y**3 - 82*y**2 + 231*y + 540. What is c(79)?
66
Let d(w) = -w**3 + 3*w**2 + 1138*w - 6727. Calculate d(6).
-7
Let s(b) = b**3 - 47*b**2 - 51*b + 115. Give s(48).
-29
Let a(y) = -y**2 + 12*y + 44. Determine a(13).
31
Let k(j) = j**2 + 32*j - 1411. Calculate k(-57).
14
Let o(u) = -2*u**3 + 6*u**2 - u + 48. Give o(5).
-57
Let k(q) = -44*q**2 - 7*q + 6. Give k(1).
-45
Let x(h) = -h**3 + 6*h**2 + 4*h - 161. Determine x(0).
-161
Let m(g) = -6*g**2 + 35*g - 58. What is m(4)?
-14
Let g(h) = 29*h + 117. Determine g(-5).
-28
Let m(g) = g**2 + g - 194. Determine m(-16).
46
Let s(q) = 2*q**2 + 123*q - 675. Calculate s(5).
-10
Let i(j) = j**3 - 15*j**2 - 77*j + 7. Determine i(19).
-12
Let s(c) = 3*c**3 - 23*c**2 - 4*c - 26. What is s(9)?
262
Let c(h) = h**2 - 23*h + 27. Calculate c(16).
-85
Let p(q) = 4*q**3 - 71*q**2 + 36*q + 113. Calculate p(17).
-142
Let w(l) = 1048*l - 13554. Determine w(13).
70
Let x(o) = 2*o**3 + 3*o**2 + 24*o - 50. Calculate x(2).
26
Let o(n) = n**2 - 607*n - 9332. What is o(-15)?
-2
Let z(x) = 17*x**3 + x**2 - 11*x - 9. Determine z(-3).
-426
Let j(s) = -s**3 - 29*s**2 + 89*s + 766. What is j(-31)?
-71
Let j(f) = -f**3 - 10*f**2 + 84*f + 1. Give j(-15).
-134
Let y(v) = 8*v**2 - 3*v - 7. Determine y(-3).
74
Let v(k) = -2*k**3 + 180*k**2 + 3*k - 225. Determine v(90).
45
Let q(k) = k**2 - 51*k + 204. Determine q(47).
16
Let a(m) = m**2 + 2*m - 3. Determine a(19).
396
Let g(l) = -943*l + 60356. Determine g(64).
4
Let j(k) = -2*k**3 - 13*k**2 + 14*k - 64. Give j(-8).
16
Let i(s) = -208*s + 2320. Determine i(11).
32
Let s(w) = 3*w**3 + 44*w**2 + 162*w + 35. Give s(-9).
-46
Let c(h) = 11*h**2 - 75*h - 315. Calculate c(10).
35
Let p(k) = 3527*k + 17634. Calculate p(-5).
-1
Let m(v) = -381*v - 71630. What is m(-188)?
-2
Let s(b) = b**3 + 5*b**2 + 24*b + 101. Determine s(-4).
21
Let m(u) = -6102*u - 54915. What is m(-9)?
3
Let g(z) = z**2 - 586*z - 15922. What is g(-26)?
-10
Let p(x) = x**2 + 47*x + 409. What is p(-23)?
-143
Let g(x) = 7*x**2 - 5*x - 5. Calculate g(3).
43
Let d(j) = -j**3 - 34*j**2 - 66*j + 32. Calculate d(-32).
96
Let z(l) = -l**3 + 38*l**2 - 218*l + 28. Give z(31).
-3
Let t(s) = -s**2 - 20*s + 79. Calculate t(-24).
-17
Let r(z) = z**3 + 66*z**2 + 68*z + 155. Give r(-65).
-40
Let t(b) = b**2 - 28*b - 17. Give t(29).
12
Let d(m) = 10*m**2 - 570*m + 15. Calculate d(57).
15
Let y(p) = -22*p**2 + 21*p - 37. What is y(2)?
-83
Let c(y) = -y + 35. Give c(5).
30
Let j(s) = -3*s**2 + 415*s + 2925. Calculate j(-7).
-127
Let r(d) = 78*d + 4828. What is r(-62)?
-8
Let g(q) = -130*q - 2076. Give g(-16).
4
Let y(q) = -q**3 + 299*q**2 - 7*q + 2096. Give y(299).
3
Let w(v) = v**3 + 100*v**2 + 565*v + 27. Calculate w(-94).
-67
Let b(d) = 7*d - 219. Calculate b(36).
33
Let w(u) = 269*u**2 + 2*u + 3. Calculate w(-1).
270
Let b(p) = 3*p**2 + 48*p + 189. Determine b(-9).
0
Let p(b) = b**3 + 7*b**2 + 16*b - 4. Calculate p(-10).
-464
Let n(p) = -975*p + 3865. What is n(4)?
-35
Let r(v) = 7*v**2 - 140*v + 126. Give r(19).
-7
Let a(u) = -u**3 - 36*u**2 + 118*u + 8. What is a(-39)?
-31
Let d(z) = 3*z**3 - 282*z**2 + 3*z - 290. What is d(94)?
-8
Let p(f) = 9*f**2 + 168*f + 729. Determine p(-7).
-6
Let i(m) = m**2 - 193*m + 3308. Calculate i(19).
2
Let j(c) = c**3 + 25*c**2 + 69*c + 101. Determine j(-22).
35
Let m(d) = 76*d + 5258. Give m(-72).
-214
Let d(r) = -r**3 + 18*r**2 - 40*r + 449. Calculate d(16).
321
Let r(x) = 14*x + 322. Calculate r(-19).
56
Let n(s) = -4*s**3 - 14*s**2 - 12*s - 1. What is n(-5)?
209
Let q(i) = i**2 + 271*i + 1851. Determine q(-7).
3
Let y(r) = 474*r + 16120. What is y(-34)?
4
Let z(q) = q**3 - 44*q**2 - 142*q + 35. Calculate z(47).
-12
Let x(n) = -n**2 - 4*n + 522. Calculate x(21).
-3
Let t(a) = -20*a - 165. Give t(-9).
15
Let w(v) = 3*v**3 - 3*v - 26. Determine w(3).
46
Let d(m) = 4*m**2 + 80*m + 23. What is d(-18)?
-121
Let w(h) = 94*h - 426. Calculate w(6).
138
Let p(n) = 2*n**2 + 109*n + 764. Give p(-7).
99
Let a(f) = 2*f**3 + 29*f**2 - 297*f - 21. What is a(7)?
7
Let g(p) = 170*p - 150. Give g(1).
20
Let s(v) = -2*v**2 + 22*v - 122. What is s(7)?
-66
Let l(z) = z**2 + 282*z - 4771. Determine l(16).
-3
Let j(s) = -137*s - 856. Give j(-6).
-34
Let q(j) = -j**2 + 34*j + 1051. What is q(-16)?
251
Let t(h) = -2*h**3 - 14*h**2 - 2*h - 28. Calculate t(-6).
-88
Let s(q) = -19*q + 3. Calculate s(2).
-35
Let b(d) = d**2 - 69*d + 557. Determine b(9).
17
Let g(j) = j**2 - 177*j - 919. Determine g(182).
-9
Let q(r) = -724*r - 2163. What is q(-3)?
9
Let s(a) = -103*a - 88. Give s(-1).
15
Let r(b) = 180*b - 14918. Give r(83).
22
Let k(m) = -270*m - 1554. Calculate k(-6).
66
Let p(r) = -r**2 + 74*r + 1023. Give p(-12).
-9
Let f(x) = x**3 - 6*x**2 - 41*x + 35. Calculate f(10).
25
Let d(w) = w**3 + 54*w**2 - 27*w - 1451. Determine d(-54).
7
Let k(h) = -14*h**2 + 262*h + 1070. What is k(-4)?
-202
Let c(t) = 33*t**2 - 69*t + 253. Determine c(4).
505
Let a(n) = n**2 + 78*n + 1415. Give a(-28).
15
Let n(r) = r**3 - 36*r**2 + 623*r - 18867. Give n(34).
3
Let q(p) = -p**3 + 17*p**2 + 17*p - 79. Give q(18).
-97
Let w(k) = -786*k + 4720. Determine w(6).
4
Let v(m) = -2*m**3 + 3*m**2 - 6*m + 12. Give v(4).
-92
Let v(a) = -133*a + 7853. What is v(59)?
6
Let a(i) = -9*i**3 + i**2 + 7*i + 3. Calculate a(-2).
65
Let l(r) = 6*r**2 + 10*r + 107. Determine l(-6).
263
Let f(t) = 277*t - 5. Calculate f(1).
272
Let d(c) = 74*c - 531. Give d(7).
-13
Let v(u) = u**3 - 12*u**2 - 32*u + 16. Give v(14).
-40
Let g(t) = 25*t**2 + 23*t - 61. Give g(-5).
449
Let k(w) = w**3 + 36*w**2 + 50*w - 596. Determine k(-34).
16
Let n(p) = 2*p**2 + 19*p - 300. What is n(-18)?
6
Let t(m) = -m**2 - 43*m + 478. Calculate t(-52).
10
Let n(z) = -3*z**3 - 20*z**2 - 67*z + 1. Give n(-4).
141
Let z(n) = -158*n - 151. Give z(-1).
7
Let q(a) = -34*a - 95. Determine q(-2).
-27
Let k(g) = 56*g**3 - 222*g**2 - 8*g + 10. What is k(4)?
10
Let c(s) = 1491*s + 73048. Calculate c(-49).
-11
Let i(l) = -33*l**2 + 581*l + 870. Determine i(19).
-4
Let s(m) = -m**3 - 8*m**2 + 2*m + 35. Calculate s(-8).
19
Let r(s) = 2*s**3 + 33*s**2 + 68*s - 165. What is r(-13)?
134
Let r(l) = l**2 + 39*l + 230. Calculate r(-17).
-144
Let d(h) = -6*h**3 + 47*h**2 - 43. Give d(0).
-43
Let c(t